 divided by 110?
94
What is the remainder when 227 is divided by 6?
5
What is the remainder when 98 is divided by 10?
8
Calculate the remainder when 89 is divided by 30.
29
What is the remainder when 47 is divided by 18?
11
What is the remainder when 240 is divided by 64?
48
What is the remainder when 1319 is divided by 24?
23
What is the remainder when 100 is divided by 4?
0
What is the remainder when 524 is divided by 23?
18
What is the remainder when 73 is divided by 11?
7
Calculate the remainder when 573 is divided by 13.
1
What is the remainder when 7396 is divided by 10?
6
Calculate the remainder when 62 is divided by 7.
6
What is the remainder when 454 is divided by 91?
90
Calculate the remainder when 183 is divided by 23.
22
What is the remainder when 4071 is divided by 97?
94
What is the remainder when 281 is divided by 274?
7
What is the remainder when 326 is divided by 30?
26
Calculate the remainder when 3851 is divided by 214.
213
What is the remainder when 166 is divided by 14?
12
Calculate the remainder when 628 is divided by 15.
13
Calculate the remainder when 238 is divided by 40.
38
Calculate the remainder when 7414 is divided by 9.
7
What is the remainder when 185 is divided by 63?
59
What is the remainder when 712 is divided by 18?
10
What is the remainder when 3949 is divided by 79?
78
Calculate the remainder when 248 is divided by 85.
78
Calculate the remainder when 1035 is divided by 334.
33
What is the remainder when 1596 is divided by 521?
33
What is the remainder when 119 is divided by 24?
23
Calculate the remainder when 96 is divided by 95.
1
Calculate the remainder when 243 is divided by 19.
15
Calculate the remainder when 648 is divided by 26.
24
What is the remainder when 851 is divided by 71?
70
Calculate the remainder when 190 is divided by 13.
8
What is the remainder when 1516 is divided by 38?
34
What is the remainder when 1238 is divided by 62?
60
Calculate the remainder when 466 is divided by 121.
103
Calculate the remainder when 2025 is divided by 510.
495
Calculate the remainder when 2846 is divided by 77.
74
What is the remainder when 311 is divided by 5?
1
What is the remainder when 5461 is divided by 11?
5
What is the remainder when 2636 is divided by 11?
7
What is the remainder when 1643 is divided by 19?
9
Calculate the remainder when 545 is divided by 283.
262
Calculate the remainder when 87 is divided by 38.
11
What is the remainder when 1491 is divided by 735?
21
What is the remainder when 92 is divided by 19?
16
What is the remainder when 1240 is divided by 114?
100
Calculate the remainder when 71 is divided by 7.
1
Calculate the remainder when 21 is divided by 1.
0
What is the remainder when 155 is divided by 31?
0
Calculate the remainder when 910 is divided by 255.
145
What is the remainder when 623 is divided by 104?
103
What is the remainder when 206 is divided by 75?
56
What is the remainder when 244 is divided by 55?
24
What is the remainder when 851 is divided by 15?
11
Calculate the remainder when 257 is divided by 65.
62
Calculate the remainder when 169 is divided by 4.
1
Calculate the remainder when 2234 is divided by 83.
76
What is the remainder when 321 is divided by 19?
17
What is the remainder when 395 is divided by 128?
11
Calculate the remainder when 134 is divided by 53.
28
Calculate the remainder when 232 is divided by 77.
1
Calculate the remainder when 14977 is divided by 214.
211
Calculate the remainder when 375 is divided by 54.
51
What is the remainder when 424 is divided by 143?
138
What is the remainder when 148 is divided by 43?
19
Calculate the remainder when 13503 is divided by 37.
35
Calculate the remainder when 2007 is divided by 144.
135
Calculate the remainder when 1881 is divided by 15.
6
Calculate the remainder when 1086 is divided by 14.
8
What is the remainder when 4346 is divided by 69?
68
Calculate the remainder when 95 is divided by 27.
14
Calculate the remainder when 34 is divided by 12.
10
What is the remainder when 11003 is divided by 12?
11
What is the remainder when 695 is divided by 341?
13
What is the remainder when 14 is divided by 9?
5
What is the remainder when 395 is divided by 72?
35
Calculate the remainder when 307 is divided by 107.
93
What is the remainder when 197 is divided by 56?
29
What is the remainder when 209 is divided by 81?
47
Calculate the remainder when 1449 is divided by 58.
57
What is the remainder when 314 is divided by 44?
6
Calculate the remainder when 123 is divided by 61.
1
What is the remainder when 3279 is divided by 209?
144
Calculate the remainder when 272 is divided by 118.
36
Calculate the remainder when 22 is divided by 10.
2
What is the remainder when 4190 is divided by 127?
126
What is the remainder when 739 is divided by 124?
119
What is the remainder when 388 is divided by 56?
52
Calculate the remainder when 662 is divided by 331.
0
Calculate the remainder when 690 is divided by 21.
18
What is the remainder when 255 is divided by 69?
48
Calculate the remainder when 171 is divided by 64.
43
What is the remainder when 2819 is divided by 13?
11
Calculate the remainder when 597 is divided by 25.
22
What is the remainder when 722 is divided by 29?
26
What is the remainder when 39 is divided by 11?
6
Calculate the remainder when 269 is divided by 5.
4
What is the remainder when 5437 is divided by 136?
133
Calculate the remainder when 119 is divided by 43.
33
Calculate the remainder when 15398 is divided by 440.
438
Calculate the remainder when 27 is divided by 7.
6
What is the remainder when 783 is divided by 7?
6
What is the remainder when 648 is divided by 49?
11
Calculate the remainder when 31 is divided by 27.
4
What is the remainder when 353 is divided by 127?
99
Calculate the remainder when 87 is divided by 34.
19
What is the remainder when 526 is divided by 39?
19
What is the remainder when 779 is divided by 11?
9
Calculate the remainder when 137 is divided by 38.
23
Calculate the remainder when 95 is divided by 33.
29
What is the remainder when 321 is divided by 112?
97
Calculate the remainder when 195 is divided by 18.
15
What is the remainder when 914 is divided by 77?
67
What is the remainder when 333 is divided by 165?
3
Calculate the remainder when 3626 is divided by 22.
18
What is the remainder when 2626 is divided by 14?
8
What is the remainder when 8701 is divided by 256?
253
Calculate the remainder when 11 is divided by 3.
2
What is the remainder when 1711 is divided by 20?
11
Calculate the remainder when 161 is divided by 77.
7
Calculate the remainder when 3766 is divided by 1880.
6
Calculate the remainder when 439 is divided by 34.
31
What is the remainder when 2877 is divided by 48?
45
Calculate the remainder when 1425 is divided by 474.
3
What is the remainder when 184 is divided by 38?
32
What is the remainder when 200 is divided by 64?
8
What is the remainder when 11045 is divided by 263?
262
What is the remainder when 261 is divided by 33?
30
What is the remainder when 150 is divided by 11?
7
What is the remainder when 98 is divided by 14?
0
What is the remainder when 2910 is divided by 28?
26
What is the remainder when 5624 is divided by 32?
24
Calculate the remainder when 365 is divided by 64.
45
Calculate the remainder when 1140 is divided by 58.
38
Calculate the remainder when 217 is divided by 94.
29
What is the remainder when 16 is divided by 9?
7
What is the remainder when 51 is divided by 28?
23
Calculate the remainder when 1032 is divided by 115.
112
Calculate the remainder when 595 is divided by 52.
23
What is the remainder when 733 is divided by 21?
19
What is the remainder when 239 is divided by 88?
63
What is the remainder when 400 is divided by 86?
56
What is the remainder when 137 is divided by 48?
41
What is the remainder when 464 is divided by 122?
98
Calculate the remainder when 29 is divided by 5.
4
Calculate the remainder when 889 is divided by 49.
7
What is the remainder when 411 is divided by 7?
5
What is the remainder when 44 is divided by 15?
14
What is the remainder when 141 is divided by 33?
9
What is the remainder when 133 is divided by 69?
64
Calculate the remainder when 364 is divided by 182.
0
What is the remainder when 120 is divided by 63?
57
What is the remainde